+ 2702. Determine h(-5).
7
Let x(h) = 1260*h + 25201. What is x(-20)?
1
Let h(g) = -g**2 + 51*g - 651. Determine h(28).
-7
Let u(r) = -r**2 + 606*r + 1221. What is u(-2)?
5
Let c(l) = -20*l**2 - 166*l - 44. What is c(-8)?
4
Let f(t) = 16*t**2 + 673*t + 702. Determine f(-41).
5
Let b(h) = h**2 + 13972*h + 111717. Calculate b(-8).
5
Let g(t) = 3*t**2 - 291*t + 844. Determine g(94).
-2
Let x(p) = -p**2 - 137*p - 1375. Determine x(-11).
11
Let j(s) = 17*s + 93. Calculate j(-5).
8
Let g(f) = f**3 + 3*f**2 - 73*f - 17. Calculate g(-10).
13
Let l(j) = 13*j**3 + 4*j - 4. What is l(1)?
13
Let r(z) = z**3 - 5*z**2 + z + 59. What is r(7)?
164
Let c(q) = -4*q + 270. Determine c(-2).
278
Let i(m) = 2*m**2 + 30*m + 64. What is i(-21)?
316
Let h(k) = 53*k - 77. Determine h(6).
241
Let o(z) = 3*z - 44. Determine o(-7).
-65
Let r(f) = -11442*f + 102985. Give r(9).
7
Let w(m) = 13*m**3 - 2*m**2 + 4*m + 18. Determine w(-3).
-363
Let l(d) = 327*d - 3. Calculate l(0).
-3
Let k(t) = t**3 + 31*t**2 - 41*t - 129. Calculate k(-32).
159
Let p(a) = -a**2 + 68*a + 6585. Give p(-54).
-3
Let o(w) = w**3 - 22*w**2 + 34*w + 113. Give o(20).
-7
Let n(t) = -64*t + 1542. Determine n(24).
6
Let r(n) = -48*n - 4935. Determine r(-103).
9
Let t(j) = -j**3 - 14*j**2 - 49*j + 10. Calculate t(-7).
10
Let s(a) = -a**2 + 16*a - 61. What is s(9)?
2
Let u(b) = 4*b**2 + 1210*b - 6134. What is u(5)?
16
Let l(s) = 2*s**3 + 30*s**2 - 30*s + 37. Give l(-16).
5
Let x(g) = -923*g - 45. What is x(-1)?
878
Let i(h) = h**3 - 114*h**2 + 224*h + 17. Give i(112).
17
Let y(b) = b + 77. What is y(30)?
107
Let y(q) = q**3 - 13*q**2 + 15*q + 14. What is y(10)?
-136
Let p(q) = 3*q**2 + 8*q - 2. Determine p(-2).
-6
Let i(x) = 2*x**2 + 41*x - 98. Determine i(-19).
-155
Let b(a) = a**3 + 9*a**2 - 68*a - 597. Determine b(-10).
-17
Let m(u) = 2*u**2 - 756*u - 6170. What is m(-8)?
6
Let n(l) = -163*l - 630. What is n(-4)?
22
Let f(t) = -t**3 - 26*t**2 - 15*t + 250. Calculate f(-25).
0
Let o(x) = 147*x - 5450. Determine o(37).
-11
Let o(i) = -199*i - 10338. Give o(-52).
10
Let b(n) = -n**3 - 43*n**2 - 52*n - 404. Give b(-42).
16
Let l(q) = q**3 + 12*q**2 + 4*q + 62. Determine l(-13).
-159
Let o(l) = -l**2 + 110*l - 2907. Determine o(44).
-3
Let m(w) = -w**2 + 22*w - 45. What is m(3)?
12
Let i(d) = -d**2 + 825*d - 4926. What is i(6)?
-12
Let d(g) = 24*g + 48. Give d(17).
456
Let o(p) = -p**3 + 4*p + 33. Calculate o(-3).
48
Let w(q) = -2*q**2 - 33*q + 127. What is w(-19)?
32
Let j(d) = d**3 + 22*d**2 + 111*d + 234. Give j(-16).
-6
Let t(c) = c**3 + 14*c**2 + 29*c - 14. Calculate t(-10).
96
Let y(j) = -110*j**3 + 4*j**2 - 2*j - 1. Give y(1).
-109
Let a(w) = -45*w - 416. Calculate a(-8).
-56
Let m(o) = 2*o**3 - 11*o**2 + 33*o + 2. What is m(7)?
380
Let p(f) = 12*f**2 + 85*f - 256. Give p(3).
107
Let t(y) = y**2 + 148*y + 4326. Calculate t(-106).
-126
Let f(l) = -60*l + 295. Give f(5).
-5
Let m(s) = 885*s + 2644. Give m(-3).
-11
Let m(y) = -42*y + 213. Give m(6).
-39
Let i(d) = -d**3 - 39*d**2 - 361*d + 152. What is i(-23)?
-9
Let t(f) = -f**2 + 212*f + 5900. Give t(-25).
-25
Let p(c) = 6*c**2 + 50*c - 52. Give p(-10).
48
Let j(m) = m**2 - 158*m + 1475. Calculate j(10).
-5
Let i(o) = -46*o - 422. Give i(-9).
-8
Let j(c) = c**3 + 215*c**2 - 2016*c + 3. Give j(-224).
3
Let z(f) = -3*f**3 + 85*f**2 - 26*f - 48. Determine z(28).
8
Let n(l) = -l**3 + 2*l**2 + 45*l - 9. Calculate n(8).
-33
Let z(y) = -21*y + 815. Determine z(37).
38
Let k(u) = -u**2 + 295*u + 2419. Determine k(-8).
-5
Let m(l) = -l**3 - 35*l**2 - 110*l - 11. Give m(-3).
31
Let t(f) = 381*f - 2264. Determine t(6).
22
Let c(x) = x**3 + 4*x**2 + 7*x - 34. Calculate c(2).
4
Let l(s) = -3*s**2 + 248*s + 1119. What is l(87)?
-12
Let y(k) = 2*k**2 - 13*k - 109. Determine y(0).
-109
Let l(q) = q**3 + 9*q**2 + 7*q - 1. What is l(-4)?
51
Let n(b) = 84*b + 5. Give n(-1).
-79
Let f(w) = 74*w + 531. What is f(-7)?
13
Let h(l) = -l**3 + 8*l**2 - 5*l + 2. What is h(8)?
-38
Let g(l) = -2*l**2 + 19*l + 132. Determine g(19).
-229
Let h(t) = t**3 - t**2 - 19*t + 77. Calculate h(4).
49
Let l(q) = -q**3 + 40*q**2 + 53*q - 489. Calculate l(41).
3
Let i(p) = -p**3 + 7*p**2 + 12. Give i(8).
-52
Let a(u) = -60*u. What is a(-2)?
120
Let n(o) = 4*o**2 + 47*o + 1. Calculate n(-5).
-134
Let t(m) = -12769*m + 89386. Calculate t(7).
3
Let y(a) = -a**3 + 23*a**2 - 2*a - 389. Determine y(22).
51
Let v(h) = h**2 + 55*h + 110. Give v(-10).
-340
Let t(x) = x**2 + 661*x + 12196. What is t(-19)?
-2
Let m(c) = -c**2 - 142*c - 583. What is m(-4)?
-31
Let z(w) = w**2 + 230*w - 8411. Determine z(32).
-27
Let j(x) = -11*x**2 + 110*x - 212. What is j(7)?
19
Let m(n) = -2*n**2 - 33*n - 33. What is m(-8)?
103
Let n(s) = -1506*s - 9130. Calculate n(-6).
-94
Let c(o) = 20*o**2 + 147*o - 16. Calculate c(-7).
-65
Let d(c) = -4*c**3 + 64*c**2 - 2*c + 2. What is d(16)?
-30
Let c(z) = 2*z + 1. What is c(-8)?
-15
Let u(g) = 48*g + 103. What is u(-4)?
-89
Let v(r) = -2*r**3 + 40*r**2 + 80*r - 14. What is v(22)?
-190
Let h(c) = -237*c + 647. Determine h(3).
-64
Let a(l) = -55*l**3 - 20*l**2 + 49*l - 3. What is a(2)?
-425
Let i(h) = -h**3 + 43*h**2 - 20*h + 635. Determine i(43).
-225
Let p(w) = -62*w**2 + 4*w + 30. Calculate p(0).
30
Let r(m) = -128*m**2 - 94*m + 95. Give r(1).
-127
Let q(z) = -4*z**3 - 12*z**2 + 2*z - 1. Give q(-4).
55
Let f(c) = c**3 + 20*c**2 + 55*c - 17. Determine f(-8).
311
Let l(k) = -3*k**2 + 51*k - 53. Give l(16).
-5
Let v(q) = -15*q**2 + 37*q - 1. What is v(2)?
13
Let b(o) = 1576*o + 2969. Give b(-2).
-183
Let l(g) = -2*g**2 - 49*g - 318. Calculate l(-11).
-21
Let q(g) = -273*g - 20716. Determine q(-76).
32
Let j(q) = q**3 - 4*q**2 - 4*q. Give j(-3).
-51
Let h(m) = -3*m**3 + 3*m**2 + 29*m + 51. Give h(-2).
29
Let q(y) = y**3 + 39*y**2 + 133*y - 255. What is q(-35)?
-10
Let f(t) = t**3 + 3*t**2 - 25*t + 40. Calculate f(-7).
19
Let b(s) = -27*s**2 - 10*s - 5. Calculate b(2).
-133
Let f(u) = 2*u**2 + 35*u + 90. Give f(-7).
-57
Let o(n) = -263*n - 1322. Determine o(-5).
-7
Let f(d) = 303*d + 267. Calculate f(-1).
-36
Let a(v) = -v**2 - 372*v + 1133. Give a(3).
8
Let y(t) = -58*t + 75. What is y(4)?
-157
Let w(b) = 2*b**2 + 76*b + 39. What is w(-38)?
39
Let b(c) = c**3 + 64*c**2 + 403*c + 206. Determine b(-57).
-22
Let p(b) = -6*b**3 - 56*b**2 + 21*b - 119. Give p(-10).
71
Let t(a) = 656*a - 17722. Determine t(27).
-10
Let x(z) = -25*z + 57. What is x(3)?
-18
Let r(w) = 3*w**3 - 6*w**2 - 64*w - 214. Calculate r(-4).
-246
Let f(n) = n**3 + 16*n**2 - 54*n + 53. Give f(-19).
-4
Let j(c) = -38*c + 157. Calculate j(5).
-33
Let q(l) = 465*l + 1374. Give q(-5).
-951
Let g(i) = 2575*i - 18039. Calculate g(7).
-14
Let k(x) = 19*x - 42. What is k(-4)?
-118
Let f(r) = r**3 - 84*r**2 - 11692*r + 48. Determine f(158).
48
Let q(u) = 782*u**2 + 10168*u + 28. Calculate q(-13).
2
Let l(o) = o**2 - 8*o - 40. Give l(-9).
113
Let k(w) = -w**3 - 9*w**2 - w + 73. What is k(-8)?
17
Let f(r) = -63*r**3 - 189*r**2 - 3*r - 13. Determine f(-3).
-4
Let q(o) = o**2 + 529*o - 5946. What is q(11)?
-6
Let p(w) = 5*w**3 + 284*w**2 - 346*w + 184. Give p(-58).
68
Let p(g) = 21*g**2 - 39*g - 87. Calculate p(-2).
75
Let o(s) = 240*s - 6194. Give o(26).
46
Let r(y) = -115*y**2 - 922*y + 14. What is r(-8)?
30
Let w(l) = -l - 46. Calculate w(-16).
-30
Let j(y) = 135*y**2 - 65*y - 191. Give j(-3).
1219
Let w(l) = 3*l**3 - 43*l**2 - 22*l + 532. What is w(14)?
28
Let t(p) = 6*p**2 + 16*p - 6. Calculate t(2).
50
Let r(c) = 207*c - 1726. What is r(12)?
758
Let x(y) = -40*y**2 + 954*y + 3. What is x(24)?
-141
Let w(j) = 11*j**2 - 69*j + 59. What is w(1)?
1
Let w(i) = i**2 - 56*i + 708. Give w(22).
-40
Let l(x) = -x**3 + 23*x**2 + 373*x + 122. Determine l(34).
88
Let k(h) = -19*h + 1569. Calculate k(77).
106
Let v(z) = z**3 + 18*z**2 - 183*z - 199. What is v(-25)?
1
Let m(d) = -d**2 - 125*d + 1398. Give m(10).
48
Let u(f) = -4*f**2 + 66*f - 175. What is u(19)?
-365
Let v(p) = -5*p**3 + 8*p**2 - 18*p + 91. Calculate v(6).
-809
Let g(w) = -2*w**3 + 6*w**2 + 6*w - 7. What is g(3)?
11
Let n(i) = 232*i + 5343. Determine n(-23).
7
Let o(l) = -73*l + 121. Determine o(3).
-98
Let v(c) = 259*c + 1295. Determine v(-5).
0
Let j(f) = f**2 + 156*f + 1634. Give j(-12).
-94
Let r(i) = -13*i**2 - 560*i - 61. What is r(-43)?
-18
Let s(q) = 13*q - 190